 - 98 = 0. Let u = k + 79. Calculate the greatest common divisor of u and 20.
20
Suppose -34*o = -36*o + 6. Calculate the greatest common divisor of 3 and o.
3
Let p be (-7)/(21/(-662))*12/4. Suppose 2*q = -2*q + 4*f + 532, -2*f = -5*q + p. Calculate the greatest common divisor of q and 12.
12
Let y be ((-6)/(-10))/(11/110). Suppose -11*n + y*n = -30. What is the highest common factor of 18 and n?
6
Let q(j) = j**3 + 2*j**2 - 2*j - 1. Let s be q(-2). Let z be 26 + (465/(-95) - 6/57). Calculate the highest common factor of s and z.
3
Let p be (13 - 13)/(-7) - 55*-13. What is the highest common divisor of p and 65?
65
Suppose -3*j + 4 = j. Suppose -j - 7 = -2*o. Suppose -o*w + 329 - 49 = 0. Calculate the highest common factor of 10 and w.
10
Suppose -68*q + 429 = -47. What is the greatest common factor of 14 and q?
7
Suppose -3*w + r + 50 = 0, 4*w = 9*r - 8*r + 65. What is the highest common divisor of 15 and w?
15
Let b(k) = -k**2 - 41*k + 94. Let o be b(-40). What is the highest common divisor of 67 and o?
67
Suppose -2*h + 4*h + 4*n - 844 = 0, 0 = 2*n + 2. Calculate the highest common divisor of 53 and h.
53
Let p(q) = -3*q**2 - 18*q - 12. Let o be p(-5). Suppose 4*w - 56 = -2*i + o*w, -2*i - 5*w = -56. Calculate the highest common divisor of 42 and i.
14
Suppose 0 = m - 2. Let i be 2/((-3)/(-15)*m). Suppose 0*b + 2*b = i*l - 463, -4*b - 16 = 0. Calculate the highest common divisor of 13 and l.
13
Let f = 22 - -14. Suppose -2*l - x + 3 = 0, -3*l - 2*x + x + 4 = 0. Suppose -37 = -3*s - l. Calculate the highest common divisor of f and s.
12
Suppose -7*y + 3*y = -4*a + 32, 0 = -5*y + 5. Suppose -a*g = -11*g + 144. Let q = g + -45. Calculate the greatest common divisor of 81 and q.
27
Suppose 5*g = 2*n - 317, -n - 322 = -3*n + 4*g. Calculate the greatest common divisor of 19 and n.
19
Let i(b) be the third derivative of -b**6/120 - 7*b**5/60 - b**4/8 - b**3/2 + 7*b**2 - 3. Let w be i(-7). Calculate the greatest common factor of w and 306.
18
Let d = -46 - -36. Let l be 25/d*(-1 + -4 + 3). Calculate the greatest common divisor of 15 and l.
5
Let w be -142 + (4 - 15/5). Let x = w + 197. What is the highest common factor of x and 84?
28
Suppose -4*h + 5*o = o + 12, 2*h + 21 = 5*o. Let t = -16 + h. Let b = -4 - t. Calculate the greatest common divisor of 4 and b.
2
Suppose -4*v + 10 = -6*v. Let d be ((-1)/(-2))/(v/(-360)). Suppose -3*t + 2*a = -a - d, 23 = 4*t + a. Calculate the highest common factor of 14 and t.
7
Suppose -5*s = -v - 26 - 3, 2*s + v = 6. Suppose 0 = -s*m - 15, 7*h - 4*m - 48 = 3*h. What is the highest common divisor of 1 and h?
1
Suppose -41 = 6*t - 5. Let c be (-2)/(-8)*t - (-150)/4. Calculate the greatest common divisor of c and 108.
36
Suppose -23*h + 531 = 36*h. Let y be ((-4)/(-6))/((-4)/(-78)). Let f = 23 + y. Calculate the greatest common factor of h and f.
9
Let o(m) = 7*m - 84. Let q be o(17). Calculate the highest common factor of q and 595.
35
Let z(s) = -1 + 2 + 0 - 5*s**3 - s - 7*s**3. Let c be z(1). Let q(l) = l**2 + 10*l - 11. Let v be q(c). What is the greatest common factor of v and 104?
13
Let r be ((-84)/20 - -3)*5. Let f(k) = 4*k + 32. Let a be f(r). Calculate the greatest common factor of 8 and a.
8
Suppose 0 = -2*a + 5*x + 999, 2*a = -a - 2*x + 1470. Let d = 738 - a. Suppose 3*w - d = -j, -2*w + w + 3*j = -72. What is the highest common factor of 9 and w?
9
Suppose z - 7 + 3 = -2*p, -3*z + 2 = p. Let l be 52 - (p + (-1 - -1)). What is the highest common factor of l and 20?
10
Let g be 3 + -2 - (0 + 5 - -2). Let n(a) = a**3 + 10*a**2 + 10*a + 6. Let m be n(g). Let b = -17 - -27. What is the greatest common divisor of b and m?
10
Suppose -2 = 5*m + 4*o, m + 3*o + 15 = 4*m. Suppose -18 = w + m. Let p be (10/3)/(w/(-30)). Calculate the highest common factor of p and 1.
1
Suppose 5*i + 22 = -3*n, -2*i = 2*n + 9 - 1. Let p be (n - 3)*(-180)/24. Let w = p - -3. Calculate the greatest common factor of w and 2.
2
Let r = 56 - 31. Suppose -r*h + 28*h = 360. Suppose -57 = -3*w + 3*j, -w + 55 = 4*w + 5*j. Calculate the highest common factor of w and h.
15
Let q be 4/6 + (-52)/(-3). Suppose 0 = 2*k - 5 - 31. What is the highest common divisor of q and k?
18
Let q(j) = j**3 + 14*j**2 - 18*j - 21. Suppose 0 = -x - 5*y - 10, -x = 2*x - 4*y + 49. Let d be q(x). Calculate the greatest common divisor of 30 and d.
6
Let u(q) = -q**3 - 13*q**2 - 10*q + 62. Let t be u(-12). Calculate the highest common divisor of 950 and t.
38
Let i = -240 - -245. What is the greatest common factor of 1 and i?
1
Let s(c) = c**2 + 10*c - 31. Let g = -45 + 32. Let a be s(g). What is the greatest common divisor of a and 4?
4
Let k(t) = t**2 - 7*t - 100. Let s be k(-8). Calculate the greatest common divisor of 4 and s.
4
Let j be 2/((102/(-54))/1 - -2). What is the greatest common factor of j and 162?
18
Let x(y) = -2*y**2 + 23*y + 25. Let u be x(12). What is the highest common factor of u and 104?
13
Let u(f) = 4*f**2 + 5 - 5*f**2 + 49 + 3*f + 2. Let v be u(0). Calculate the greatest common factor of v and 8.
8
Let u = -58 + 88. Suppose 5*s = -4*w + u, 2*w = -w - 15. Calculate the highest common factor of s and 70.
10
Let g = 184 + 8. Let k = 26 + -2. What is the greatest common divisor of g and k?
24
Suppose -442 = 5*v - 1242. Suppose v = 3*f + f. Let x = 14 + 2. Calculate the greatest common factor of x and f.
8
Suppose 3*v - r = -2*r + 32, -20 = -2*v - r. Let d be 9 + 1 + (-2)/(-2). Suppose 0 = -3*i + 9, g + 4*i + d = 35. What is the greatest common factor of g and v?
12
Suppose 0*l = l - 13. Suppose l*t + 265 = 8*t. Let h be (-4)/(-12) - t/3. Calculate the greatest common divisor of h and 9.
9
Let d(q) = 4*q**3 - 3*q**2 - 31*q + 58. Let a be d(7). What is the highest common factor of a and 26?
26
Suppose 4*j = -2*x, 5*x - 2*j + 7*j + 20 = 0. Let b(z) = z + 19. Let p be b(x). Suppose 2*y - 28 = -6. Calculate the greatest common factor of p and y.
11
Let x = -114 - -24. Let r = 130 + x. Calculate the highest common divisor of 10 and r.
10
Let a(k) = k**3 - 9*k**2 + 10*k - 13. Suppose 0 = 3*c + 5*v - v - 28, -26 = -3*c - 2*v. Let j be a(c). What is the highest common divisor of j and 24?
3
Let d = -1 + 55. Suppose 0 = 4*h - 2*m - 56, 3*m + 15 = -2*h + 59. Let b(u) = -u**2 + 21*u + 55. Let j be b(h). What is the highest common divisor of d and j?
27
Let b = -14 - -14. Suppose b*c + 4*c - 28 = -3*d, 4*c + 4 = 5*d. Suppose c*q - q - 120 = 0. Calculate the greatest common factor of 4 and q.
4
Suppose -5*p + j + 46 = -30, -p - 4*j + 32 = 0. Suppose 0 = -0*x - 4*x + 96. What is the greatest common factor of p and x?
8
Let i = 58 - 34. Suppose 0*f + i = 2*f. Suppose -56 = -5*o - b - b, 3*b = 3*o - 42. Calculate the highest common factor of f and o.
12
Let s = 13 - 17. Let a be 16/6*(-69)/s. Suppose y + 2*i = a, 0 = 4*y - 2*i - 128 - 66. What is the greatest common factor of y and 8?
8
Let r be -3 + (47 - -3) + -4 - 3. What is the highest common factor of r and 5?
5
Suppose 936 = 7*b + 250. Calculate the highest common factor of 1029 and b.
49
Let i = 155 - -235. Calculate the highest common factor of 234 and i.
78
Let m(f) = -8*f**2 + 2*f - 7. Let s be m(7). Let w be (-1 - s/(-14))*2/(-3). Calculate the highest common factor of w and 57.
19
Suppose 3*o - 143 = -5*i, i = 4*o + 121 - 304. Let b be (4/3)/(24/108). Suppose 3*v + 60 = 3*l, v - 3*v + b = 0. What is the greatest common divisor of l and o?
23
Let k(o) = -15*o**3 - 4*o**2 - 6*o - 7. Let r be k(-3). Calculate the highest common divisor of 76 and r.
76
Let a = 55 - 53. Let q(l) = 21*l**3 - l**2 + 1. Let k be q(a). What is the greatest common factor of k and 33?
33
Let a be (-137)/(-4) - (-2)/(-8). Let g(b) = -111*b + 571. Let i be g(3). Calculate the highest common divisor of a and i.
34
Let l be (8/8)/(2/56). Let i be 336/15*10/8*4. Calculate the greatest common factor of l and i.
28
Suppose -15*s + 16*s - 2556 = -5*w, 2*s = -w + 513. What is the highest common divisor of w and 292?
73
Suppose -6*z + 1440 = 2*z. What is the greatest common factor of 108 and z?
36
Let l be 11 + -8 + 2/2 - 0. What is the greatest common divisor of 54 and l?
2
Suppose 22*o - 624 = -17*o. What is the highest common factor of 40 and o?
8
Suppose -5*l - 71 = -26. Let n be l/45 - 122/(-10). What is the highest common di